a prime number?
False
Is 93931849 a prime number?
False
Is 3305036743 a prime number?
True
Is 57500393 a composite number?
True
Is 9883253641 composite?
False
Is 232052981 composite?
True
Is 486251443 a prime number?
True
Is 105219889 composite?
True
Is 6023050793 prime?
True
Is 849580727 a composite number?
False
Is 290162683 a prime number?
True
Is 96485579843 a prime number?
True
Is 14984764781 a composite number?
True
Is 15318145777 composite?
True
Is 507877933 a composite number?
True
Is 171376781 prime?
True
Is 66723923363 a composite number?
True
Is 272978957 a prime number?
True
Is 9989605531 a prime number?
False
Is 414410357 a prime number?
True
Is 1233971581 prime?
True
Is 9266657441 composite?
False
Is 121514821 a prime number?
False
Is 449679799 composite?
False
Is 29535429271 prime?
False
Is 259735841 a prime number?
True
Is 1017691711 prime?
False
Is 23176508539 composite?
False
Is 232684105177 a prime number?
True
Is 4787945707 a composite number?
False
Is 77408339 a prime number?
True
Is 10727261317 prime?
False
Is 63878338787 composite?
True
Is 15945031 a prime number?
False
Is 148058753267 composite?
True
Is 12667366211 a composite number?
True
Is 3041531041 prime?
False
Is 1209122321 prime?
False
Is 171447959 prime?
True
Is 1969832027 composite?
False
Is 170751359 prime?
True
Is 53774347853 prime?
False
Is 1521119753 composite?
True
Is 15842573709 a prime number?
False
Is 43290825529 prime?
False
Is 48945654341 a prime number?
False
Is 1526529157 a prime number?
False
Is 11781537839 a prime number?
True
Is 149520107927 a composite number?
False
Is 3326175311 prime?
True
Is 4691666659 a prime number?
False
Is 1127241047 a composite number?
True
Is 306189451 composite?
True
Is 4663134101 prime?
True
Is 156979327 composite?
False
Is 3057987547 composite?
True
Is 9913124833 a composite number?
False
Is 138098324877 a prime number?
False
Is 38656266421 a composite number?
False
Is 49562376263 a prime number?
True
Is 74642829 composite?
True
Is 94001879653 prime?
False
Is 5765013941 prime?
True
Is 28190677 a prime number?
False
Is 3404542463 a prime number?
False
Is 170493877 a prime number?
True
Is 1007810029 composite?
False
Is 283708485961 a composite number?
True
Is 28239216661 a composite number?
True
Is 144532361 a prime number?
True
Is 23968746919 prime?
False
Is 12569173 prime?
True
Is 571454209 prime?
True
Is 879914527 prime?
True
Is 418076563 a prime number?
False
Is 3176031071 a prime number?
True
Is 439184153 composite?
False
Is 8645639 composite?
True
Is 512500202 prime?
False
Is 728239943 a composite number?
False
Is 1882328741 a prime number?
False
Is 3221860627 a composite number?
False
Is 21801058249 composite?
False
Is 283780549 composite?
True
Is 4407251273 prime?
True
Is 2508018523 a composite number?
False
Is 310173503 prime?
True
Is 19925239433 a prime number?
False
Is 208211408149 a prime number?
False
Is 74607853534 a composite number?
True
Is 6951753247 a composite number?
False
Is 10959704663 a composite number?
False
Is 840168181 composite?
True
Is 16452419 composite?
True
Is 168243044669 composite?
True
Is 18030684769 a composite number?
False
Is 14122046531 prime?
True
Is 2873895429 prime?
False
Is 13025208851 a composite number?
False
Is 8560888993 a composite number?
False
Is 5270245457 a prime number?
True
Is 36141637871 a composite number?
True
Is 1063676567 a prime number?
True
Is 17398181131 composite?
False
Is 25232759 prime?
True
Is 10122625309 a composite number?
False
Is 227997797383 a composite number?
True
Is 111810703 composite?
False
Is 64507853 composite?
False
Is 2916847273 a composite number?
False
Is 1710490259 composite?
False
Is 517271813 a prime number?
True
Is 5466321953 composite?
False
Is 647902349 a prime number?
True
Is 33801241171 a prime number?
False
Is 8135293861 composite?
True
Is 6508093897 prime?
True
Is 1156531969 a composite number?
False
Is 77731143173 a prime number?
False
Is 88850736173 prime?
True
Is 1605642347 a composite number?
False
Is 186469093 prime?
False
Is 15372988879 composite?
False
Is 2588185759 composite?
False
Is 5680279369 a composite number?
True
Is 6971127407 prime?
True
Is 1219940165 composite?
True
Is 3906883291 prime?
True
Is 82053433699 composite?
False
Is 1729137331 prime?
False
Is 12089787883 a prime number?
False
Is 10104990751 a prime number?
True
Is 14873458697 prime?
False
Is 1234443733 a composite number?
False
Is 1652263793 a prime number?
False
Is 171463731049 a composite number?
True
Is 2470756973 a composite number?
False
Is 414075269 a prime number?
True
Is 10167539 a prime number?
True
Is 595028257 a prime number?
True
Is 8532661523 a prime number?
True
Is 10760387141 a prime number?
False
Is 8428291661 composite?
False
Is 5269418731 prime?
True
Is 13686364543 a composite number?
True
Is 36690842971 a prime number?
False
Is 3253368093 composite?
True
Is 2935073389 a prime number?
True
Is 186321271 composite?
False
Is 17172600657 prime?
False
Is 4421034929 composite?
False
Is 31800889871 composite?
False
Is 246960127 a composite number?
False
Is 6366778459 composite?
False
Is 2546828071 prime?
False
Is 1031719603 prime?
True
Is 364163927 prime?
False
Is 225537561407 prime?
True
Is 1067477897 a composite number?
False
Is 76830120551 composite?
False
Is 8628951413 prime?
False
Is 87865410203 a composite number?
False
Is 5846919503 composite?
True
Is 5009413 a composite number?
False
Is 1954911251 composite?
True
Is 15997689859 a composite number?
True
Is 740860381 composite?
True
Is 1964797031 a prime number?
False
Is 3575060699 a composite number?
True
Is 646302931 a prime number?
False
Is 1864305633 prime?
False
Is 3655971061 a composite number?
False
Is 4589652287 prime?
False
Is 332666077 prime?
False
Is 930569054 a prime number?
False
Is 9543819851 a prime number?
True
Is 7104401977 prime?
False
Is 496398977 composite?
False
Is 64262819 a composite number?
False
Is 124538710853 prime?
False
Is 2748566969 composite?
False
Is 6887230853 a prime number?
False
Is 2386079909 a prime number?
True
Is 1728835489 prime?
True
Is 9699061297 prime?
True
Is 1112440897 composite?
False
Is 524076557 a composite number?
False
Is 161553619 prime?
True
Is 9826623613 a composite number?
False
Is 17731547219 prime?
True
Is 54820841123 a prime number?
False
Is 387517093 prime?
True
Is 3716604371 composite?
True
Is 14768548027 composite?
False
Is 332130637 a prime number?
True
Is 18870256777 a composite number?
True
Is 7314868763 a composite number?
True
Is 604497499 a prime number?
False
Is 18012889709 a composite number?
True
Is 68222636621 prime?
True
Is 309832519 a composite number?
True
Is 99670357 a prime number?
False
Is 1786180229 composite?
True
Is 71469677963 a prime number?
True
Is 30141967819 composite?
True
Is 137427517 a composite number?
False
Is 769026731 a prime number?
False
Is 1644024598 composite?
True
Is 104829119 composite?
False
Is 43595714759 a composite number?
True
Is 6545814293 a prime number?
False
Is 4796982461 a prime number?
True
Is 245432441 composite?
True
Is 54299895103 a composite number?
False
Is 25071845987 a prime number?
True
Is 4070600993 composite?
True
Is 242179801 prime?
True
Is 8856988867 a composite number?
False
Is 11804098013 composite?
False
Is 3102020221 prime?
False
Is 56302279 a composite number?
True
Is 3379862623 a composite number?
True
Is 391838467 composite?
False
Is 1941397817 a composite number?
True
Is 206027959 a prime number?
False
Is 3768674583 a composite number?
True
Is 16161076909 prime?
False
Is 81548232469 prime?
False
Is 1542522409 a composite number?
False
Is 249239999 composite?
True
Is 368299121 a prime number?
True
Is 483007877 prime?
False
Is 1401731159 a prime number?
False
Is 1255606397 a prime number?
False
Is 2982968987 composite?
False
Is 5766751105 composite?
True
Is 11650394233 composite?
False
Is 581012843 a composite number?
False
Is 29443420543 prime?
True
Is 1427741723 a composite number?
False
Is 12240886643 a prime number?
True
Is 1141903799 composite?
False
Is 38859759721 composite?
True
Is 540998957 a composite number?
True
Is 12632089 a composite number?
False
Is 7093852187 prime?
True
Is 497818591 a prime number?
False
Is 32821522593 composite?
True
Is 763